. Suppose -737 = -4*n + 383. List the prime factors of (n/w)/(2/(-4)).
5, 7
Let n(q) be the second derivative of q**5/20 + q**4/3 + 2*q**2 + 5*q. Let c be n(-3). List the prime factors of (-2 - c)/(-1)*54/5.
2, 3
Let h = -2681 + 5122. List the prime factors of h.
2441
Let h = -407 - -441. Let t(x) = -x**3 + 3*x**2 - 2. Let w be t(-3). Let u = w - h. List the prime factors of u.
2, 3
Let w(d) = -d**3 + d**2 - 13*d + 3. Let n be w(6). Let l = 78 - n. List the prime factors of l.
3, 37
Let d(z) = 4*z**2 - 56*z + 5. Let o be d(14). Suppose -17*h = -19*h - o*c + 729, 5*c + 1473 = 4*h. List the prime factors of h.
367
Let b = -661 - 462. Let c be (-10)/(-15) - b*(-2)/(-6). Suppose x - 4*w - 152 = 0, 4*x + 3*w - 214 = c. List the prime factors of x.
2, 37
Suppose -3*r - 1334 = -2*q + 7*q, -2*q = -4*r - 1770. Let l = r + 905. Suppose o + 26 = f - 127, 4*o = 3*f - l. What are the prime factors of f?
2, 3, 5
Suppose 0 = 2*x - 4139 - 19. Suppose -x = -16*b + 9*b. What are the prime factors of b?
3, 11
Suppose -55744 = -3*u + 36500. What are the prime factors of u?
2, 7687
Suppose -32*f + 37*f + 21 = w, f = -3*w + 15. Suppose 0 = -v, -w*b - 3*v = -b - 250. List the prime factors of b.
2, 5
What are the prime factors of (-196460)/(-66)*(-36)/(-10)?
2, 3, 19, 47
Suppose -4*v = 3*c - 3734, -2*v + 1874 = -0*v - 2*c. Let h = -576 + v. List the prime factors of h.
359
Suppose 5*x + 6 = 7*x. Suppose x*t - 4 + 4 = 0. Suppose -3*b + 2*r + 207 = -78, t = -2*b + r + 191. List the prime factors of b.
97
Suppose 2*x + 2*k = 9681 + 18507, -4*k = -4*x + 56416. List the prime factors of x.
23, 613
List the prime factors of 13/(-10)*-4592 + 458/1145.
2, 3, 5, 199
Suppose -400 = 2*b + 3*t, b + 5*t - 29 + 243 = 0. Let r = 236 - b. List the prime factors of r.
2, 5, 43
Let j be (15/5 + -5)*(-1138)/4. Suppose -4*h = g - j, 5*g + 480 + 107 = 4*h. List the prime factors of h.
11, 13
Suppose -15*o + 247833 = -56697. What are the prime factors of o?
2, 10151
Let h(z) = -9*z - z**2 - 12*z - 18 + 63. Let p be h(-22). Suppose -2*g = -301 - p. What are the prime factors of g?
2, 3
Let u(r) = 13*r - 128. Suppose -2*y = -4*d + 82, 5*y - 3*y = 2. What are the prime factors of u(d)?
5, 29
Let x be -5*(-8)/(-12)*(-6)/4. Suppose 8 = -x*k + 7*k. Suppose -110 = -k*j - 3*z + 171, j - 75 = 4*z. List the prime factors of j.
71
Let g = 131 + -121. Let n(b) = 7*b**2 - 21*b + 6. What are the prime factors of n(g)?
2, 31
Suppose 2*c = 4*t - 7 + 29, 0 = -3*c - 4*t - 7. Suppose 4*s + 5*a = 3745, -c*s = -s + a - 1871. What are the prime factors of s?
5, 11, 17
Let q(j) = 25*j + 32. Let n be q(-2). What are the prime factors of 162005/105 - n/189?
1543
Let p be (4 - 4) + (3 - -1). Let j = 254 + -254. Suppose -5*s = -3*a - 214, j = -s - 0*a - p*a + 52. List the prime factors of s.
2, 11
List the prime factors of (3 - (-2849)/(-21))/((-15)/((-23220)/(-8))).
3, 43, 199
Suppose s + h - 37867 = 11476, -246717 = -5*s - 4*h. List the prime factors of s.
5, 71, 139
Suppose 128*s - 4256244 = -63*s. List the prime factors of s.
2, 3, 619
Suppose 0 = 9*h + 3*h - 96. Suppose -h*y + 789 = -5*y. What are the prime factors of y?
263
What are the prime factors of (113 - 104) + -1 + 1154?
2, 7, 83
Suppose -3*t = -9, -4*h + 2*t - 2 = 4. Suppose -14*j + 15*j - 1 = h. List the prime factors of 255 + 1 + j + -8 + 4.
11, 23
Let q(y) = 524*y**3 - 3*y**2 - 30*y + 16. What are the prime factors of q(5)?
109, 599
Let z be (-12)/(-9)*-3 - -61. Let i be 18/(-4)*(-38)/z. Suppose 3*t - x = 2*x + 438, -292 = -2*t + i*x. List the prime factors of t.
2, 73
Suppose -5*j = -268 - 7. Let w = 3304 - 3247. Suppose -w*h + j*h = -142. What are the prime factors of h?
71
Let x(p) = 5*p + 47. Let g be x(-9). List the prime factors of 1240/160*g*2.
31
Suppose -1407 = -8*y - 2029 + 19534. What are the prime factors of y?
2, 3, 197
List the prime factors of 2811/(-21)*(-35 - 28).
3, 937
Let t(x) = -x**3 - 9*x**2 - 7*x + 2. Let v be t(-8). List the prime factors of v/33 + (-2622)/(-22).
7, 17
Let k(g) = 3*g**3 - g**2 - 9*g + 5959. List the prime factors of k(0).
59, 101
Let x(a) = -4*a + 40. Let i be x(17). Let r be 190 + ((-64)/i - (-2)/(-7)). Let m = r - 130. List the prime factors of m.
2, 31
List the prime factors of (-1999)/((-61)/(-183)*1*-3).
1999
Let s(j) be the second derivative of 3*j**5/5 + j**4/6 + j**3/2 + 4*j**2 - 4*j - 3. What are the prime factors of s(3)?
359
Let a = -404 + 404. Suppose -85*l + 88*l - 1545 = a. List the prime factors of l.
5, 103
Suppose 0 = -5*x - 5*d + 45, 3*x + 0*d + d - 23 = 0. Suppose 6*r = x*r. What are the prime factors of -3*(-100)/4 - r/1?
3, 5
Suppose -120 = -7*j - 17*j. Suppose 793 = u + 5*y, u - j*y - 4025 = -4*u. What are the prime factors of u?
11, 73
Suppose -3*u - 40462 - 40307 = -2*z, 201947 = 5*z - 4*u. What are the prime factors of z?
3, 5, 2693
Let o = 549 + -64. Suppose -9*s = -4*s - o. Let a = s - -68. What are the prime factors of a?
3, 5, 11
Let s = -249 - -618. What are the prime factors of s?
3, 41
Suppose -4*b - 139 = -3*n + 40, 226 = 4*n + b. Let z(k) = -k**3 - 16*k**2 + 17*k - 16. Let p be z(-17). What are the prime factors of n/(-9)*(p + 4)?
2, 19
What are the prime factors of 1 + (1/((-52)/(-359593)) - 1/4)?
2, 7, 13, 19
Let k(j) = -j**3 - j**2 - 637. Let r be k(0). Let x = r + 973. What are the prime factors of x?
2, 3, 7
Let z(j) = 40*j - 105. Let y be z(9). Let l = y - -197. What are the prime factors of l?
2, 113
Let n = -76 + 51. What are the prime factors of 20/6*(-705)/n?
2, 47
Suppose 5*g = -5*d + 5763 + 13087, -2*d = -3*g + 11325. What are the prime factors of g?
7, 11
Suppose -z - l + 54 = -2*l, -2*z + 3*l = -113. Suppose -169 + 465 = 8*p. Let f = p + z. List the prime factors of f.
2, 43
Suppose 0 = w + 3*q - 6*q - 6, -5*w - 3*q - 6 = 0. Suppose w = 33*j - 31*j - 4. Suppose 94 = j*g + 20. List the prime factors of g.
37
Let o(d) = -9*d**2 - 5*d - 12. Let c be o(-3). What are the prime factors of (52/c)/(0 + (-2)/954)?
2, 3, 53
Let p be -4*-1*(21/2)/(-7). List the prime factors of (p + -452 - 5)/(-1).
463
Let s be 11/(-2) - -6 - (-2)/(-4). Suppose s = 5*y - 6 - 14. Suppose 7*n + 31 = m + 11*n, -y*m + 106 = -2*n. List the prime factors of m.
3
Let c(n) = -37*n - 11. Let b be c(5). Let s be (b/(-56))/(2/(-4)). Let w(t) = t**3 + 10*t**2 + 7*t + 1. List the prime factors of w(s).
3, 11
Suppose 4*l = -1040 - 1120. List the prime factors of (119/(-34))/((-1618)/l - 3).
3, 5, 7
Let y(o) = 59*o - 187. Let k be y(13). Let t = k + -15. List the prime factors of t.
5, 113
Suppose -5*v + 8240 = 5*u, -u + 2*u - 2*v = 1648. Suppose 0 = 2*i - 3*r - u, -5*i - 2*r = 613 - 4752. List the prime factors of i.
827
Suppose -15*n = -27*n - 32*n + 520564. List the prime factors of n.
11831
Suppose 0*z - z - l + 5 = 0, -5*z + 5*l = -55. Let w(i) = -i**3 + 8*i**2 - 5*i + 20. Let t be w(z). What are the prime factors of (6/(24/t))/(2/(-30))?
3, 5
Let f(j) = 14*j - 89 - 16 + 25. List the prime factors of f(9).
2, 23
Let z(u) = -2*u. Let j be -3 - ((-1)/(1/3) + 0). Let m be z(j). Suppose 3*x = 2*r - 5*r + 600, m = -r - 3. List the prime factors of x.
7, 29
Suppose -26*i + 8*i = -10*i - 13176. List the prime factors of i.
3, 61
Let r(s) = -2*s**2 - 39*s + 11. Let t(o) = 9*o + o**2 - 2*o - 6 + 13*o. Let v(n) = -4*r(n) - 10*t(n). List the prime factors of v(-18).
2, 5
Suppose -3*k + 34806 = 4*w, -3*k + 42732 + 774 = 5*w. What are the prime factors of w?
2, 3, 5, 29
Let i = 97 + -69. Let t be i/6*66/22. Suppose -363 = -17*v + t*v. What are the prime factors of v?
11
Let i = 225 + -34. Suppose 5*a - i = -4*s, -2*a + 75 + 70 = 3*s. What are the prime factors of s?
7
Let x(b) = -49*b + 5. Let a(d) = 3*d. Let z(k) = -3*a(k) + x(k). What are the prime factors of z(-7)?
3, 137
Suppose 0 = -112*z + 4276530 + 1444878. What are the prime factors of z?
2, 3, 11, 43
Let m be (-2)/((-2)/3) + 10 + 493. Suppose 5*s + m = 4*d - 982, -1117 = -3*d + 4*s. Let k = -255 + d. What are the prime factors of k?
2, 7
Let p = 682 + 2463. List the prime factors of p.
5, 17, 37
Let k = 341 + -333. Suppose 0 = 25*q - k*q - 1428. What are the prime factors of q?
2, 3, 7
Suppose -20 - 14 = -2*t. Let j(w) = w**2 - 11*w - 17. Let n be j(t). Suppose -2*v - 51 = 3*o - 152, 2*v + n = 3*o. List the prime factors of o.
31
Suppose 0 = 3*d 